g + 274. List the prime factors of p(-34).
2, 3, 139
Suppose -f + 51 = -212. Suppose v - 2*u - 55 = 0, -5*v + 7*u + f = 3*u. List the prime factors of v.
3, 17
Let g(x) = 11*x**2 - 5*x - 8. Let z be g(6). Let d = z - 199. What are the prime factors of d?
3, 53
Let d(f) = -2*f**2 - 99*f - 58. What are the prime factors of d(-35)?
3, 11, 29
Let j(f) = 4*f**2 + 3*f - 10. Let t be j(-6). Suppose -t = -26*h + 24*h. List the prime factors of h.
2, 29
What are the prime factors of (428948/(-438))/((-4)/6)?
13, 113
Let q = -2192 - -3754. List the prime factors of q.
2, 11, 71
Suppose 3*r + 3*b = 5*b + 11, 4*b + 7 = 3*r. Suppose 8*i - 99 = r*i. What are the prime factors of i?
3, 11
Let r(g) be the second derivative of -g**3/2 + 3*g**2/2 - g. Let m be (0 + -14)*6/12. List the prime factors of r(m).
2, 3
Suppose 19 = 4*m - 1. Suppose 4*j = 4*d + 27 + 5, m*j = 3*d + 34. List the prime factors of d - (0 - (35 - 2)).
2, 3, 5
Suppose 90 = -4*y - 74. Let d be ((1 - 24) + 3)*4. Let k = y - d. List the prime factors of k.
3, 13
Let n be 0 + 0 - (-18)/6. Let v be -1 - (-117 + (n - 5)). Suppose 2*g - 108 = 2*t, -4*t - v = -2*g - 0*g. What are the prime factors of g?
7
Suppose 3 = -3*g - 6. Let n = 2 - g. Suppose -n*d - 4 = -3*d, -z + 5*d + 21 = 0. List the prime factors of z.
11
Suppose -4*m + 15 = -3*m - 5*u, 3*m - 45 = -2*u. What are the prime factors of (-12)/(-9)*m/5?
2
Let f(p) = -p**3 - 8*p**2 - 5*p + 12. Let s be (0 - (-7)/2)*-2. Let i be f(s). List the prime factors of (-27)/i*(-8)/(-2).
2, 3
Suppose 5*u = -3*t + 6076, 4*t - 6*u - 8078 = -8*u. List the prime factors of t.
2017
Let y(m) = -2*m**2 + 64*m + 61. What are the prime factors of y(21)?
523
Suppose -d - 5 + 43 = 2*q, -5*q - d = -92. Suppose -w + q = 2*w. Suppose 2*i + 12 = w*i. List the prime factors of i.
3
Let s be (18/(-8))/((-3)/12). Let h be 2/(-4)*(s + -5). List the prime factors of 2 - (-1)/h*-134.
3, 23
Let u(n) = -15 + 25 + 127*n - 14. Let a be u(2). Suppose l = 6*l - a. What are the prime factors of l?
2, 5
Suppose -2*h = -6*h + 4*m + 6328, 0 = 2*m. List the prime factors of h.
2, 7, 113
Suppose -28 = 3*y - n, 2*n = 4*y - 2*n + 32. Let o be 2/(5 + -3) - y. Suppose -a + 2 + o = 0. What are the prime factors of a?
13
Let s(f) = -12*f**2 + 4*f**2 + 4*f**3 + 15 - 2 + 15*f - 5*f**3. What are the prime factors of s(-10)?
3, 7
Suppose -115*q + 142*q - 21789 = 0. List the prime factors of q.
3, 269
Let l = 3028 - 1699. What are the prime factors of l?
3, 443
Let l be (-2)/(-3) - 1303/(-3). List the prime factors of 1/(-1)*l/(-5).
3, 29
Let v = 1 - 23. What are the prime factors of (-2)/((v/(-36))/(-11))?
2, 3
What are the prime factors of 1170/4 + 32/64?
293
Let g(k) = 42*k**2 - 64*k - 11. What are the prime factors of g(-5)?
3, 151
List the prime factors of (-10008)/(-12) - (0 - (-4 - -4)).
2, 3, 139
Suppose 2340 = -32*t + 69604. What are the prime factors of t?
2, 1051
List the prime factors of 1006/12 - (-40)/(-384)*8.
83
Let b be (-3)/(-5) + (-12)/(-20)*9. Suppose -2*z - 3*m = -88, 4*z + b*m - 2*m = 180. What are the prime factors of z?
47
Let g(n) = -n**2 + 19*n + 130. Let u be g(24). Let b = 19 + 8. Suppose -b = -l - u. What are the prime factors of l?
17
Let u be (-1)/2 - (-171)/(-18). Let y = 34 + u. Suppose -g = -3*g + y. What are the prime factors of g?
2, 3
Let x(l) = l**2 - 27*l + 35. Let t(y) = -y. Let u(h) = 5*t(h) - x(h). What are the prime factors of u(15)?
2, 5, 7
Let y(s) = 8*s**2 + 18*s + 66. What are the prime factors of y(-15)?
2, 3, 7, 19
Let i = 43 - 43. Suppose -f + 21 = -4*y - 1, f + 2*y + 2 = i. What are the prime factors of f?
2, 3
Let f be (-6)/(-9) + (-3)/18*-62. Suppose 1862 = f*o + 3*o. What are the prime factors of o?
7, 19
Let i(o) = o**3 - 2*o**2 - 2*o + 8. Let s be i(0). Suppose -3*y = -2*y - 6. Let k = s - y. List the prime factors of k.
2
Suppose -o = -4*o - 4*f + 12510, 3*o = 2*f + 12528. List the prime factors of o.
2, 2087
Suppose 5*k = -4*n + 6, -7 = -2*n + 4*k - 17. Let i = 35 - 13. What are the prime factors of i + n/(-3)*3?
23
Let g = 328 - -297. List the prime factors of g.
5
Suppose 2*g = -3*k - 16, k + 4*g = 3*k - 16. What are the prime factors of k/1 + 6/((-12)/(-434))?
5, 43
Suppose 0 = -4*d + b - 4 - 0, d + 1 = 3*b. Let a(k) = -5*k**2 - k. Let c be a(d). Let g = c + 16. What are the prime factors of g?
2, 3
Let n = -70 - -320. What are the prime factors of n?
2, 5
Suppose 5*u + l - 6572 = 0, 4*l + 0*l + 1306 = u. List the prime factors of u.
2, 3, 73
Let n = -304 + 612. Let g = -124 + n. What are the prime factors of g?
2, 23
Suppose 2*v = 4*o - 7938, -2*o + 1566 = -4*v - 2388. List the prime factors of o.
1987
List the prime factors of (5 - 2817)/(-4) - -3.
2, 353
Let n(y) = y**3 - 3*y**2 + 23*y - 34. List the prime factors of n(8).
2, 5, 47
Let h = 7341 + -4662. What are the prime factors of h?
3, 19, 47
Let b(a) = a**3 - a**2 + 2*a + 539. List the prime factors of b(0).
7, 11
Suppose 2*q = -4*h + 760, 3*q = -h + 87 + 98. What are the prime factors of h?
191
Let z(l) be the second derivative of 11/6*l**3 + 0 + l**2 - 6*l. List the prime factors of z(1).
13
Let m(i) = i**2 + 37*i - 263. What are the prime factors of m(13)?
3, 43
Let q = -150 - 30. Let b = q - -257. List the prime factors of b.
7, 11
Suppose -9*a + 13*a = 1856. Suppose -37*x + 41*x = a. What are the prime factors of x?
2, 29
Let y = -6 - -24. Let t = -31 + y. Let f = 28 + t. List the prime factors of f.
3, 5
Suppose u = 3*f - 1432, 15*f + 2*u - 1438 = 12*f. What are the prime factors of f?
2, 239
Suppose -4*k - 5*b - 73 = 0, -4*k = k + 2*b + 70. List the prime factors of (-747)/k - 4*(-4)/(-64).
2, 31
Let c be 6/(-27) - 316/36. Let p be (8 + c)/((-1)/5). Suppose 0*k + 2*x - 80 = -5*k, -p*x + 67 = 3*k. What are the prime factors of k?
2, 7
Let z be (4 + (2 - 9))/(-1). Suppose x + 18 = -k - 34, 3*x = z. Let l = -23 - k. What are the prime factors of l?
2, 3, 5
Suppose -n = 2*y + 1, 2*y + 0*y - 19 = 3*n. Suppose 3*s - c = 490, 0 = y*s + 3*s - 4*c - 826. What are the prime factors of s?
2, 3
Let p(i) = -i + 9. Let b = 27 - 24. Let v be p(b). What are the prime factors of v/9 - 64/(-3)?
2, 11
Suppose -2*a + 8 = -3*h, -2*h + 5*a - 13 = 7. Suppose 2*i - 2*y - 374 = h, 3*i - 4*y - 109 = 451. Suppose -i = -4*w - 0*w. List the prime factors of w.
47
Let l be (4/6 - 0) + 1790/15. Suppose l = 2*q + q. List the prime factors of q.
2, 5
Let a = -188 - -222. Suppose 2*b + 13 = -11. Let r = b + a. List the prime factors of r.
2, 11
Suppose 6*y - 10*y = -4*j + 432, 0 = 2*j - 3*y - 213. What are the prime factors of j?
3, 37
Suppose 0 = 93*h + 45381 - 467508. List the prime factors of h.
3, 17, 89
Let t(q) = q**3 - 8*q**2 + 6*q - 5. Let j be t(6). What are the prime factors of 5*j*(-16)/40?
2, 41
Let i = -25396 - 69784. Let f be i/(-130) + (-4)/26. What are the prime factors of (-8)/28 + f/14?
2, 13
Suppose -5*p + 42 = -2*s + 3*s, 5*s - 30 = -5*p. Suppose -5*a = -p*a + 364. List the prime factors of a.
7, 13
Suppose -4 = -4*j + 36. Suppose 2*q = -0*q - j, 4*q = r - 25. What are the prime factors of r?
5
Let r(f) = -590*f - 60. What are the prime factors of r(-1)?
2, 5, 53
Suppose -2*i = -3*i + 4*f - 6, 0 = -4*i + f + 6. Suppose -5*g - 12 = -32, j + i*g = 173. What are the prime factors of j?
3, 5, 11
Let q = 9 - 4. Let k(d) = -2*d**3 + 6*d**2 + 4*d + 6. Let b be k(q). What are the prime factors of (b/10)/((-1)/5)?
37
Suppose -23 - 1 = -3*z. Let b(y) = -y**3 - 11*y**2 - y - 14. Let g be b(-11). Let f = z - g. What are the prime factors of f?
11
Let z(w) = -w**2 + 4*w - 1. Suppose -29 = -3*m - 3*k - 8, -2*m + k + 17 = 0. Let g be z(m). Let q = g - -55. List the prime factors of q.
2, 11
Let x = -501 - -928. Let l = -178 + x. List the prime factors of l.
3, 83
Let z(h) = -h**2 + h + 3. Let u(o) = 1. Let x(s) = -3*u(s) + z(s). Let m be x(3). What are the prime factors of ((-21)/m)/7*20?
2, 5
Let c = 70 + -16. Suppose -18*w + 15*w + c = 0. What are the prime factors of w?
2, 3
Suppose -10*p = -7*p - 180. What are the prime factors of p?
2, 3, 5
Let k(d) = d + 36. List the prime factors of k(-16).
2, 5
Let k(a) = 8*a**2 + 19*a. What are the prime factors of k(-11)?
3, 11, 23
Let q(m) = -2 - 192*m**2 - 56*m**3 + 1 + 193*m**2. What are the prime factors of q(-1)?
2, 7
Let g(c) = -2*c + 18. Let s be 